09116.
2, 23, 2273
List the prime factors of 1896094.
2, 131, 7237
What are the prime factors of 156926?
2, 7, 11, 1019
What are the prime factors of 334990?
2, 5, 139, 241
List the prime factors of 85079.
149, 571
What are the prime factors of 147879?
3, 5477
What are the prime factors of 7893637?
7893637
What are the prime factors of 35315752?
2, 227, 19447
What are the prime factors of 207934?
2, 103967
What are the prime factors of 131870?
2, 5, 13187
What are the prime factors of 231080?
2, 5, 53, 109
What are the prime factors of 41514507?
3, 4612723
What are the prime factors of 2673911?
23, 116257
What are the prime factors of 8932946?
2, 11, 36913
What are the prime factors of 1599867?
3, 177763
List the prime factors of 9122184.
2, 3, 31, 61, 67
What are the prime factors of 6556483?
6556483
What are the prime factors of 50897?
7, 11, 661
What are the prime factors of 1940069?
1940069
What are the prime factors of 29959270?
2, 5, 11, 17, 37, 433
What are the prime factors of 1798668?
2, 3, 17, 2939
List the prime factors of 25446773.
11, 17, 41, 3319
What are the prime factors of 12597205?
5, 37, 149, 457
List the prime factors of 13592.
2, 1699
List the prime factors of 506716.
2, 7, 18097
List the prime factors of 19253.
13, 1481
List the prime factors of 517413.
3, 13, 13267
List the prime factors of 1941125.
5, 53, 293
What are the prime factors of 11115990?
2, 3, 5, 29, 4259
What are the prime factors of 3019667?
7, 431381
List the prime factors of 1365628.
2, 11, 41, 757
List the prime factors of 638458.
2, 73, 4373
What are the prime factors of 3674806?
2, 293, 6271
List the prime factors of 199326.
2, 3, 139, 239
List the prime factors of 633739.
633739
List the prime factors of 5913879.
3, 137, 14389
What are the prime factors of 572858?
2, 11, 13, 2003
List the prime factors of 704259.
3, 17, 4603
List the prime factors of 66070.
2, 5, 6607
List the prime factors of 1145335.
5, 37, 41, 151
List the prime factors of 6687265.
5, 13, 102881
What are the prime factors of 7064277?
3, 11, 214069
List the prime factors of 246062.
2, 123031
What are the prime factors of 6542973?
3, 19, 83, 461
List the prime factors of 1638459.
3, 307, 593
What are the prime factors of 49191?
3, 19, 863
What are the prime factors of 128413?
128413
List the prime factors of 3408537.
3, 11, 103289
What are the prime factors of 29618?
2, 59, 251
What are the prime factors of 219993?
3, 73331
List the prime factors of 13482061.
79, 157, 1087
List the prime factors of 1319658.
2, 3, 219943
List the prime factors of 10364924.
2, 373, 6947
What are the prime factors of 564835?
5, 112967
List the prime factors of 118619.
118619
What are the prime factors of 13308768?
2, 3, 11, 4201
List the prime factors of 27635106.
2, 3, 97, 103, 461
List the prime factors of 896841.
3, 11, 9059
What are the prime factors of 552095?
5, 110419
List the prime factors of 1284534.
2, 3, 71363
What are the prime factors of 2368998?
2, 3, 131611
What are the prime factors of 1238631?
3, 127, 3251
What are the prime factors of 236141?
23, 10267
List the prime factors of 4897346.
2, 29, 84437
What are the prime factors of 359775?
3, 5, 13, 41
List the prime factors of 500986.
2, 23, 10891
List the prime factors of 19748352.
2, 3, 13, 23, 43
What are the prime factors of 952001?
952001
What are the prime factors of 2533005?
3, 5, 29, 647
List the prime factors of 2104807.
31, 43, 1579
List the prime factors of 13762255.
5, 13, 211727
List the prime factors of 27072439.
109, 248371
What are the prime factors of 979015?
5, 103, 1901
What are the prime factors of 14105215?
5, 71, 39733
What are the prime factors of 15539545?
5, 7, 443987
What are the prime factors of 1459430?
2, 5, 7, 20849
What are the prime factors of 262265?
5, 52453
List the prime factors of 12466220.
2, 5, 13, 47947
What are the prime factors of 746646?
2, 3, 107, 1163
List the prime factors of 25927786.
2, 59, 219727
List the prime factors of 218966.
2, 11, 37, 269
List the prime factors of 241012.
2, 89, 677
List the prime factors of 446454.
2, 3, 17, 1459
List the prime factors of 372083.
271, 1373
What are the prime factors of 4431836?
2, 463, 2393
List the prime factors of 1053715.
5, 13, 29, 43
What are the prime factors of 2048123?
7, 11, 67, 397
List the prime factors of 6305356.
2, 1576339
List the prime factors of 257486.
2, 31, 4153
What are the prime factors of 874217?
874217
List the prime factors of 1024283.
13, 78791
What are the prime factors of 5416803?
3, 7, 71, 173
List the prime factors of 29454745.
5, 541, 10889
List the prime factors of 607001.
607001
What are the prime factors of 1029552?
2, 3, 89, 241
What are the prime factors of 635842?
2, 317921
List the prime factors of 546538.
2, 273269
What are the prime factors of 102842?
2, 51421
What are the prime factors of 4054913?
4054913
List the prime factors of 251698.
2, 317, 397
What are the prime factors of 2539877?
103, 24659
List the prime factors of 33507583.
19, 97, 18181
What are the prime factors of 18866739?
3, 23, 127, 2153
List the prime factors of 1228536.
2, 3, 113, 151
What are the prime factors of 136900?
2, 5, 37
What are the prime factors of 360652?
2, 90163
What are the prime factors of 2351930?
2, 5, 7, 33599
What are the prime factors of 1257422?
2, 17, 31, 1193
List the prime factors of 36215871.
3, 193, 62549
List the prime factors of 1293627.
3, 61, 7069
What are the prime factors of 540810?
2, 3, 5, 2003
What are the prime factors of 4306647?
3, 71, 20219
What are the prime factors of 361485?
3, 5, 29, 277
What are the prime factors of 10564506?
2, 3, 65213
What are the prime factors of 10243?
10243
What are the prime factors of 255413?
255413
What are the prime factors of 2576322?
2, 3, 7, 23, 127
List the prime factors of 233256.
2, 3, 9719
What are the prime factors of 2417777?
227, 10651
List the prime factors of 22632992.
2, 29
List the prime factors of 9129201.
3, 43, 70769
What are the prime factors of 206496?
2, 3, 239
What are the prime factors of 315064?
2, 39383
List the prime factors of 1042365.
3, 5, 69491
What are the prime factors of 223662?
2, 3, 37277
What are the prime factors of 363680?
2, 5, 2273
List the prime factors of 79930.
2, 5, 7993
What are the prime factors of 10800218?
2, 11, 13, 3433
What are the prime factors of 63792?
2, 3, 443
What are the prime factors of 383892?
2, 3, 31991
List the prime factors of 22362891.
3, 7454297
List the prime factors of 187550.
2, 5, 11, 31
What are the prime factors of 880459?
617, 1427
What are the prime factors of 11377523?
19, 598817
What are the prime factors of 11512322?
2, 5756161
What are the prime factors of 335687?
11, 30517
What are the prime factors of 4472624?
2, 13, 21503
What are the prime factors of 1472509?
491, 2999
List the prime factors of 9571033.
31, 47, 6569
What are the prime factors of 41396908?
2, 7, 733, 2017
What are the prime factors of 225604?
2, 56401
What are the prime factors of 11645500?
2, 5, 23291
What are the prime factors of 963523?
11, 7963
List the prime factors of 1181228.
2, 17, 29, 599
What are the prime factors of 9110562?
2, 3, 1518427
List the prime factors of 6484059.
3, 67, 10753
What are the prime factors of 533944?
2, 31, 2153
What are the prime factors of 143999?
143999
What are the prime factors of 617570?
2, 5, 61757
What are the prime factors of 25813786?
2, 17, 759229
What are the prime factors of 1612557?
3, 179173
What are the prime factors of 316969?
563
List the prime factors of 302084.
2, 75521
What are the prime factors of 7008076?
2, 47, 37277
What are the prime factors of 563209?
29, 19421
What are the prime factors of 9679545?
3, 5, 17, 12653
What are the prime factors of 627648?
2, 3, 7, 467
What are the prime factors of 94903?
94903
What are the prime factors of 924425?
5, 103, 359
List the prime factors of 6989568.
2, 3, 19, 479
List the prime factors of 330437.
61, 5417
What are the prime factors of 471251?
11, 42841
List the prime factors of 1071946.
2, 535973
What are the prime factors of 132530?
2, 5, 29, 457
List the prime factors of 234157.
7, 11, 3041
List the prime factors of 332982.
2, 3, 13, 1423
List the prime factors of 4725811.
29, 89, 1831
What are the prime factors of 